 What is j(w)?
-8
Let a(j) be the first derivative of -j**4/4 - 2*j**3 + 126. Suppose i + 6 + 0 = 0. Give a(i).
0
Suppose -4*i = -4*m, 2*m - i - 12 = 4*m. Let q(b) = -12*b + 51. Let g(l) = -5*l + 21. Let t(d) = 5*g(d) - 2*q(d). Give t(m).
7
Let x(g) = 8*g**3 + g**2 - 2*g + 1. Suppose a - 4*h - 7 - 27 = 0, 0 = 4*a - 5*h - 92. Let v(z) = -2*z + 37. Let q be v(a). Give x(q).
8
Let r(u) = -3*u**2 + 0*u**2 - 9 + 5*u**2 + 7 - u**2. Calculate r(-3).
7
Let b(d) = 6*d**3 - 3*d**2 - d + 2. Let v be 4*(-1)/(-9) + (-793)/549. Determine b(v).
-6
Let c(z) = -z**2 + 6*z + 3. Suppose -i = 2*g - 5*i + 8, -3*i = 0. Let o = g - -7. Suppose -28 = -4*s + 4*m, 4*m = o*s - m - 23. Give c(s).
3
Let i = 10 - 17. Let q be 1 - (-18)/(-10) - 40/(-50). Let h = q - i. Let g(w) = -w**3 + 6*w**2 + 7*w + 1. Determine g(h).
1
Let i(z) = z + 7. Suppose -2*y - 2*w + 64 = 0, 0 = -5*y + 3*w + 245 - 53. Suppose -3*o + 3*x = o - y, o + 2 = -2*x. Determine i(o).
13
Let g(d) = d - 4. Let c be 1 + -12 - (9 - 8). Let u be -11 - c - 2*2. Let x be 1 + u/(1 - -2). Determine g(x).
-4
Let w(d) = d**2 + 2*d. Let s be w(-2). Let l be s*(2 - 15/6). Let x(c) be the second derivative of c**4/12 + c**3/6 + c**2/2 + c - 6. Calculate x(l).
1
Let s(t) be the second derivative of t**5/20 + t**4/4 - t**2 + 15*t. Suppose -3*v - 1 = -4. Let m = -3 + v. Give s(m).
2
Let r(v) = 1784 - v + 0*v + 2*v - 1782. Give r(0).
2
Let i(l) be the first derivative of l**2/2 + 3. Let d = -103 + 109. Give i(d).
6
Let c(b) = -2*b + 4. Let r(u) = u - 2. Let x(a) = 4*c(a) + 9*r(a). Suppose 2*d - 6 = -t, -2*t = -3*d - t + 19. Suppose y = d*y - 16. Give x(y).
2
Let o(u) = 9*u + 3. Let k(n) = 28*n + 8. Let x(d) = -2*k(d) + 7*o(d). Calculate x(-5).
-30
Let b(w) = w**3 - 4*w**2 - 5*w - 6. Let k = 4 + -4. Let c = -9 - k. Let t = -4 - c. Calculate b(t).
-6
Let l(i) = 16*i**3 - 66*i**2 + 44*i - 29. Let h(q) = 3*q**3 - 13*q**2 + 9*q - 6. Let s(x) = -11*h(x) + 2*l(x). Give s(10).
-2
Let z(a) = a**2 + 7*a + 7. Let x(d) = -d**3 - 3*d**2 - d - 5. Let g be x(0). Determine z(g).
-3
Let b(h) = -h**2 - 7*h + 1. Let o be (-70)/4 - 20/(-40). Let x be (-847)/119 - 2/o. What is b(x)?
1
Let z = 4 - 8. Let g be 176/(-32) - (-6)/z. Let f(a) = a**2 + 8*a + 1. What is f(g)?
-6
Let n be (4 + -3)/(2/12). Let a = 4 - 5. Let s(i) = -5*i**3 + 5*i**2 + 3*i + 5. Let r(o) = o**3 + o - 1. Let c(g) = a*s(g) - 4*r(g). Determine c(n).
-7
Let d(j) = 28665*j**3 + 2*j + j + 7*j**2 + 6 - 11*j - 28664*j**3. Let a(n) be the first derivative of -n**2/2 - 14*n - 1. Let s be a(-6). Give d(s).
6
Let g(n) = n. Let w be g(-3). Let u be 28/8 - (-3)/(-6). Let z(c) = -2*c**2 + 6 - 2*c + 0 - u. What is z(w)?
-9
Let d(y) = -64*y + 19. Let w(r) = 35*r - 10. Let h(t) = 6*d(t) + 11*w(t). Determine h(-3).
1
Suppose 2*n = -0 - 8, -4*n - 1 = 5*r. Suppose 0*x - r = x. Let l(f) = f**2 + 2 + 18*f - 46*f + 14*f + 16*f. Calculate l(x).
5
Let n be 1 + 4 + 6/(-2). Let w(c) = 2 + c - 4 + n - 3. Let s be w(7). Let l(v) = v**2 - 3*v + 2. Determine l(s).
6
Let u be (-66)/(-429) + 290/(-26). Let h(q) = -q**3 - 10*q**2 + 10*q - 2. Give h(u).
9
Let p(h) = -9*h**3 - 2*h**2 + 1. Suppose 5*n + 3*o + 12 = 4, -4*n + o = 20. Let u be 23 + 4/(3 + n). Let a = 18 - u. What is p(a)?
8
Let i(p) = 3*p**3 - 3*p**2 - p + 8. Let w(z) = 7*z**3 - 4*z**2 - z + 17. Let u(n) = 5*i(n) - 2*w(n). What is u(7)?
-15
Let k(u) be the first derivative of 1/2*u**2 + 1 - 11*u. Calculate k(6).
-5
Let m(t) = 6*t + 5. Let z(c) = -c + 1. Let o(i) = -m(i) - 2*z(i). Suppose -150 = -0*v - 5*v. Suppose -3*u = 2*q + 25, -10*u - v = -5*u + q. What is o(u)?
13
Let g(b) = -b**3 - 3*b**2 + b + 3. Suppose 7*z - 16 = 5. Suppose -z = i - 0. Calculate g(i).
0
Let s(v) = -v - 1. Let j be s(-7). Let t(g) = g**2 + 6*g + 1. Let h(c) = 2*c**2 + 6*c + 1. Suppose 0 = -5*o + 6*o + 2. Let x(l) = o*h(l) + 3*t(l). What is x(j)?
1
Let a(r) = -2*r**3 - 6*r**2 + 2*r + 3. Let s(b) = -3*b**3 - 12*b**2 + 4*b + 6. Let f(m) = 5*a(m) - 3*s(m). Calculate f(5).
12
Let r(j) = 7*j. Let a = -15 + 16. Give r(a).
7
Let y(f) be the first derivative of -f**3 + f**2/2 + 55. Determine y(-1).
-4
Let g(j) be the third derivative of j**2 + 0*j + 1/60*j**5 + 0 + 2/3*j**3 + 5/24*j**4. Let o be -4 + (-3)/6*-2. Determine g(o).
-2
Suppose 4*h - 16 = 0, -3*k + 49 - 9 = 4*h. Let l(v) = -65 + k*v**3 - 9*v**2 + 77 - 7*v**3 - v. Calculate l(9).
3
Let f(a) = -8*a**2 + a - 2. Let v = -595 + 597. Determine f(v).
-32
Let q = -9 + 14. Suppose -q*t = -j - 18 - 22, 0 = t - 5*j + 16. Let m(c) = t + 0*c**2 - 3*c + c**2 - 12. Give m(3).
-3
Let w(t) = -2*t - 3*t - 6*t + 13*t - 4*t - 13. Determine w(-3).
-7
Let y(q) = q**2 - 3 + 6*q + 7*q - 4*q - 3*q. Determine y(-5).
-8
Let m = 16 - 12. Suppose -5*b + l = -2*b - 12, 4 = b - m*l. Let t(p) = -p**2 + 2*p + 2 + p + 3. What is t(b)?
1
Suppose -3*u - 25 = -8*u. Let n(d) = -u + 3 - 7 + 0 + d. Determine n(7).
-2
Let z be -7*((-24)/14 - -2). Let f(m) = -m**3 - m**2 + m. Give f(z).
2
Let d(p) = p**2 - 9*p + 6. Suppose -44 = -w + 3*s, 0 = -2*w + 2*s + 24 + 56. Suppose -w = -4*u + 2*g, 0 = -0*g - 5*g - 15. Determine d(u).
-2
Let j = 10 + -7. Suppose j*v - 3 = 6. Let k(w) = 2 - 6 + 6*w**2 + 4*w - 3*w**3 + 4*w**v. Calculate k(-5).
1
Let o(p) = p**2 - 9*p. Let m be o(9). Let b(k) = -k**3 - k**2 + k - 13. Let g be b(m). Let t = g - -15. Let s(x) = -2*x**2 + 1. Determine s(t).
-7
Let r(f) be the second derivative of -f**5/20 + f**4/4 + f**2/2 - 2*f + 4. What is r(2)?
5
Let b(x) = 5*x + 27. Let a be b(-4). Let l(v) = 13*v - 4*v + 1 - a*v. Determine l(-1).
-1
Let t(y) = y**2 - 4*y + 3. Let p be (24/(-16))/(1/(-2)). Suppose 0 = p*x - x - 20. Suppose -x = -4*j - 2. Give t(j).
-1
Let u(s) = 2*s - 2. Let i be u(2). Suppose -5 + 3 = i*j. Let p(z) = -10*z - 5. Let y(c) = 10*c + 4. Let o(d) = -5*p(d) - 6*y(d). What is o(j)?
11
Suppose -4 = -3*b + 8. Suppose b*w + 3 = w. Let m be (w - 0)*(-1)/(-1). Let y(r) = 5*r - 1. Give y(m).
-6
Let z(g) = g**2 - 8*g - 7. Let l be -4 + -4 + -2 + 4. Let i be ((2*-2)/(-2))/(l/(-27)). Calculate z(i).
2
Let q be 18/27 - (-212)/(-3). Let s = -64 - q. Let y(v) be the third derivative of -v**4/24 + 7*v**3/6 - v**2. Give y(s).
1
Suppose -2*x + 3*i - 7 = 0, -5*x + 2*i = -4*x + 4. Let o(m) = 6*m + 9. What is o(x)?
-3
Let a(u) = 4*u**2 + 4 - 11*u - 4 + 4. Let d(k) = -k**2 + 3*k - 1. Let o(z) = 2*a(z) + 9*d(z). What is o(4)?
3
Let x(p) = 8*p - 3. Let r be x(3). Let n(t) = 1 + 5 + r*t + 1 - 26*t. What is n(8)?
-33
Let p(b) = -b**2 + b - 3. Suppose -39 = -19*o + 37. Calculate p(o).
-15
Let f(i) = -6*i + 4*i + 6*i + 1. Let u(n) = -9*n. Let z(k) = 7*f(k) + 3*u(k). Determine z(-8).
-1
Let p(d) = -d**3 - 3*d**2 + 4*d - 4. Let z(u) = -2*u**2 + 7*u - 7. Let n = 20 - 17. Let l be z(n). Calculate p(l).
-4
Let j(y) = -1519 + y + 1519 + 0*y. Give j(6).
6
Let q(s) = -709*s - 16. Let j(i) = -129*i - 3. Let p(u) = 11*j(u) - 2*q(u). Suppose -28 = 3*f - 7*f. Determine p(f).
-8
Let f(p) = p**3 - 7*p**2 + 11*p - 8. Let a be f(5). Let r(l) = -l**3 - 2*l**2 + l + 5. What is r(a)?
11
Let n(o) be the second derivative of o**5/60 + o**4/3 - 7*o**3/6 - 6*o**2 + 4*o + 1. Let b(k) be the first derivative of n(k). Determine b(-9).
2
Let a(i) = 269*i**2 - 3*i - 243*i**2 + 4*i. Calculate a(1).
27
Let n = -158 + 158. Let i(c) be the second derivative of -10*c - 1/20*c**5 - 1/2*c**3 + 1/4*c**4 + n + 2*c**2. Calculate i(3).
-5
Let t(x) = x**2 - 2. Suppose -5*k = s - 3*s - 44, -2*s = -k + 12. Let f be (5/4)/(2/k). Let l(n) = -n**2 + 4*n + 3. Let h be l(f). Give t(h).
2
Let q = 58 + -55. Let d(p) = -3*p + 2*p + q*p. Give d(-5).
-10
Suppose 0 = -3*v - 0*v + 18. Let b(c) be the first derivative of c**4/4 - 5*c**3/3 - 3*c**2 + 3*c - 408. Calculate b(v).
3
Let r(z) be the second derivative of -z**7/840 + z**5/24 + z**4/8 + 5*z**3/6 - 11*z. Let x(o) be the second derivative of r(o). Determine x(-3).
15
Suppose 0 = 2*y + y - 9. Let n(b) = -b**2 - 4*b**2 - y - b + 4. Let j(c) = -7*c + 22. Let m be j(3). What is n(m)?
-5
Let x(q) = -q**2 + 6*q - 7. Suppose 1 + 1 = v. Let p be v + -6*(-2)/3. Suppose p*f - 25 = f. Calculate x(f).
-2
Let k be 92/(-414) - ((-100)/(-9))/4. Let b(c) = c**3 + 5*c**2 - 3*c - 4. Calculate b(k).
23
Let b be ((-3)/(-2))/(36/(-24) - -1). Let s(r) = -3*r - 3. What is s(b)?
6
Let y = -13 + 18. Let o(s) = -6 + 4*s**2 - s**3 - 3*s + 11*s + 2*s**3 - 2*s**3. What is o(y)